07?
True
Is 10500 a multiple of 100?
True
Is 31 a factor of 17174?
True
Is 210 a multiple of 6?
True
Is 7 a factor of 406?
True
Does 69 divide 37467?
True
Is 19 a factor of 589?
True
Does 37 divide 814?
True
Is 75 a multiple of 15?
True
Is 246 a multiple of 41?
True
Does 12 divide 118?
False
Is 90 a multiple of 9?
True
Is 45 a factor of 1874?
False
Is 5525 a multiple of 25?
True
Does 34 divide 245?
False
Does 6 divide 41?
False
Is 1536 a multiple of 24?
True
Is 1411 a multiple of 21?
False
Does 11 divide 1144?
True
Is 164 a factor of 6068?
True
Does 36 divide 72?
True
Does 72 divide 2016?
True
Is 20586 a multiple of 26?
False
Is 2686 a multiple of 11?
False
Is 756 a multiple of 29?
False
Does 10 divide 4187?
False
Does 11 divide 2571?
False
Is 10469 a multiple of 143?
False
Is 2170 a multiple of 14?
True
Is 39225 a multiple of 5?
True
Is 384 a multiple of 64?
True
Is 2632 a multiple of 188?
True
Is 931 a multiple of 19?
True
Does 126 divide 9583?
False
Is 121 a multiple of 5?
False
Does 23 divide 5221?
True
Is 883 a multiple of 51?
False
Is 11 a factor of 29205?
True
Is 1333 a multiple of 31?
True
Does 72 divide 44352?
True
Is 19 a factor of 13272?
False
Is 2 a factor of 237?
False
Is 3894 a multiple of 11?
True
Does 29 divide 21750?
True
Does 67 divide 23183?
False
Does 98 divide 36028?
False
Is 17 a factor of 39236?
True
Does 5 divide 380?
True
Is 750 a multiple of 19?
False
Does 16 divide 912?
True
Does 8 divide 3184?
True
Does 80 divide 8366?
False
Is 14 a factor of 33180?
True
Does 36 divide 8208?
True
Is 34254 a multiple of 123?
False
Does 199 divide 45400?
False
Does 5 divide 10?
True
Is 9 a factor of 57519?
True
Does 86 divide 521?
False
Is 33 a factor of 4290?
True
Does 24 divide 13614?
False
Is 11 a factor of 2629?
True
Is 124 a factor of 50045?
False
Does 86 divide 3023?
False
Is 4 a factor of 2517?
False
Is 14 a factor of 24552?
False
Is 10289 a multiple of 131?
False
Is 12075 a multiple of 75?
True
Is 239 a factor of 17925?
True
Is 3 a factor of 1388?
False
Does 23 divide 3404?
True
Is 479 a multiple of 6?
False
Does 322 divide 19809?
False
Is 910 a multiple of 65?
True
Does 52 divide 432?
False
Is 1770 a multiple of 3?
True
Does 20 divide 1600?
True
Is 78994 a multiple of 25?
False
Does 26 divide 546?
True
Is 39 a factor of 39?
True
Does 33 divide 433?
False
Does 7 divide 25165?
True
Does 15 divide 910?
False
Is 1120 a multiple of 7?
True
Is 20 a factor of 2641?
False
Is 29790 a multiple of 90?
True
Is 93 a factor of 5585?
False
Is 391 a multiple of 4?
False
Is 792 a multiple of 18?
True
Is 11531 a multiple of 23?
False
Is 5007 a multiple of 65?
False
Does 26 divide 234?
True
Is 37 a factor of 22924?
False
Is 37 a factor of 902?
False
Is 40 a factor of 9800?
True
Is 45551 a multiple of 30?
False
Is 111562 a multiple of 369?
False
Is 322 a multiple of 8?
False
Is 5 a factor of 3200?
True
Is 669 a multiple of 66?
False
Is 10 a factor of 1970?
True
Does 5 divide 12715?
True
Is 70243 a multiple of 19?
True
Does 11 divide 1310?
False
Is 290 a multiple of 2?
True
Is 152 a factor of 11900?
False
Is 62 a factor of 1736?
True
Is 126 a factor of 2290?
False
Is 11 a factor of 543?
False
Does 5 divide 1387?
False
Is 760 a multiple of 20?
True
Is 15 a factor of 2295?
True
Does 116 divide 1672?
False
Is 13 a factor of 884?
True
Does 12 divide 4851?
False
Does 15 divide 651?
False
Is 10425 a multiple of 33?
False
Is 60839 a multiple of 83?
True
Is 1600 a multiple of 16?
True
Does 3 divide 231?
True
Is 1684 a multiple of 13?
False
Does 27 divide 783?
True
Is 6 a multiple of 2?
True
Is 62 a multiple of 13?
False
Is 2 a factor of 12?
True
Is 43 a factor of 1118?
True
Does 40 divide 1552?
False
Is 118474 a multiple of 35?
False
Is 12204 a multiple of 54?
True
Is 8597 a multiple of 14?
False
Is 27 a factor of 23141?
False
Is 1387 a multiple of 15?
False
Is 2 a factor of 2106?
True
Is 11 a factor of 1935?
False
Does 127 divide 29418?
False
Does 15 divide 5219?
False
Is 18256 a multiple of 22?
False
Does 6 divide 4698?
True
Is 17 a factor of 15181?
True
Is 117 a multiple of 6?
False
Is 23 a factor of 621?
True
Is 139 a factor of 15343?
False
Does 11 divide 370?
False
Does 218 divide 10125?
False
Is 392 a multiple of 8?
True
Is 50 a multiple of 3?
False
Is 170 a multiple of 41?
False
Is 70 a factor of 52315?
False
Is 4896 a multiple of 25?
False
Does 19 divide 1961?
False
Is 4147 a multiple of 143?
True
Does 215 divide 24510?
True
Is 68479 a multiple of 29?
False
Is 3 a factor of 98?
False
Is 165 a multiple of 14?
False
Is 28380 a multiple of 121?
False
Is 111 a factor of 888?
True
Does 37 divide 12913?
True
Is 42686 a multiple of 11?
False
Is 102 a factor of 21726?
True
Does 74 divide 6734?
True
Does 38 divide 21660?
True
Is 50 a factor of 100?
True
Is 13620 a multiple of 60?
True
Does 16 divide 2638?
False
Is 34 a factor of 7567?
False
Is 8 a factor of 21?
False
Is 120 a multiple of 5?
True
Does 5 divide 55505?
True
Does 21 divide 890?
False
Is 377 a multiple of 6?
False
Is 41 a factor of 893?
False
Is 1929 a multiple of 8?
False
Is 7 a factor of 4004?
True
Does 141 divide 3948?
True
Is 4752 a multiple of 99?
True
Is 158 a multiple of 17?
False
Is 7 a factor of 1022?
True
Is 21 a factor of 567?
True
Is 44 a factor of 1716?
True
Is 1323 a multiple of 19?
False
Is 21 a factor of 2228?
False
Does 16 divide 32607?
False
Is 16 a factor of 1616?
True
Does 11 divide 2057?
True
Is 3286 a multiple of 62?
True
Is 59 a factor of 70939?
False
Is 13 a factor of 3586?
False
Does 25 divide 78654?
False
Does 24 divide 11880?
True
Is 43 a factor of 29068?
True
Is 85 a factor of 4165?
True
Does 8 divide 632?
True
Does 10 divide 19070?
True
Is 169 a multiple of 6?
False
Is 960 a multiple of 60?
True
Does 41 divide 590?
False
Is 110 a factor of 4070?
True
Does 3 divide 3991?
False
Does 9 divide 11244?
False
Is 32 a factor of 736?
True
Is 4528 a multiple of 13?
False
Is 15226 a multiple of 23?
True
Is 27613 a multiple of 34?
False
Is 30 a factor of 5381?
False
Does 21 divide 126?
True
Is 2097 a multiple of 9?
True
Does 3 divide 91?
False
Is 84125 a multiple of 52?
False
Does 4 divide 72?
True
Does 133 divide 84854?
True
Does 3 divide 1266?
True
Does 9 divide 52272?
True
Is 15 a factor of 571?
False
Is 53 a factor of 1356?
False
Is 1048 a multiple of 6?
False
Is 17 a factor of 2295?
True
Is 2 a factor of 2449?
False
Does 36 divide 18036?
True
Is 17077 a multiple of 18?
False
Is 15 a factor of 6768?
False
Is 471 a multiple of 3?
True
Is 36 a factor of 9436?
False
Is 5 a factor of 834?
False
Is 2010 a multiple of 5?
True
Does 4 divide 5144?
True
Is 59 a factor of 8201?
True
Does 27 divide 81?
True
Is 22 a factor of 4833?
False
Does 14 divide 378?
True
Is 14 a factor of 178?
False
Does 28 divide 1988?
True
Is 37 a factor of 1073?
True
Is 22 a factor of 2684?
True
Does 4 divide 555?
False
Does 26 divide 1144?
True
Does 37 divide 25863?
True
Is 61 a factor of 14033?
False
Is 391 a multiple of 5?
False
Does 14 divide 255?
False
Is 11097 a multiple of 25?
False
Is 11 a factor of 6256?
False
Is 53 a factor of 2862?
True
Is 6901 a multiple of 26?
False
Is 11569 a multiple of 33?
False
Does 11 divide 3487?
True
Does 3 divide 777?
True
Is 25 a factor of 3775?
True
Is 3 a factor of 174?
True
Does 43 divide 48835?
False
Does 174 divide 6960?
True
Is 132 a factor of 6732?
True
Is 22568 a multiple of 217?
True
Is 10654 a multiple of 40?
False
Is 672 a multiple of 16?
True
Is 19 a factor of 1406?
True
Is 2904 a multiple of 2?
True
Is 29 a factor of 5771?
True
Does 15 divide 34080?
True
Is 16 a factor of 26961?
False
Is 9 a factor of 4223?
False
Does 24 divide 5506?
False
Is 1691 a multiple of 12?
False
Does 7 divide 59?
False
Does 2 divide 83?
False
Is 3543 even?
False
Is 70 a factor of 191?
False
Is 74456 a multiple of 165?
False
Does 5 divide 45?
True
Is 4 a factor of 5509?
False
Is 12 a factor of 605?
False
Is 15942 a multiple of 4?
False
Is 3364 a multiple of 116?
True
Does 146 divide 483?
False
Does 84 divide 3108?
True
Is 17537 a multiple of 19?
True
Is 12 a factor of 25620?
True
Is 27 a factor of 23166?
True
Is 989 a multiple of 43?
True
Does 17 divide 544?
True
Does 2 divide 504?
True
Is 5715 a multiple of 117?
False
Does 18 divide 539?
False
Does 13 divide 1157?
True
Is 13 